{"id":106,"date":"2015-02-16T13:23:19","date_gmt":"2015-02-16T12:23:19","guid":{"rendered":"http:\/\/www.sv-hofheim.de\/hsv\/?page_id=106"},"modified":"2017-07-25T11:00:29","modified_gmt":"2017-07-25T09:00:29","slug":"kontaktimpressum","status":"publish","type":"page","link":"http:\/\/www.sv-hofheim.de\/hsv\/kontaktimpressum\/","title":{"rendered":"Kontakt\/Impressum"},"content":{"rendered":"<p><strong>SV Hofheim 1919 e. V.<\/strong><br \/>\nJohannisstra\u00dfe 34<br \/>\n97461 Hofheim \/ UFr.<br \/>\nTelefon: (0 95 23) 12 31<br \/>\nE-Mail: info@sv-hofheim.de<\/p>\n<p>Steuernummer: 249\/109\/104<br \/>\nVereinsregister: VR 20052<br \/>\nBLSV: V60389<br \/>\nBFV: 7213<br \/>\nStammverein der JFG Hofheimer Land<\/p>\n<p>vertreten durch den 1. Vorsitzenden<br \/>\nAlexander Bergmann (\u00a7 26 BGB)<br \/>\nc\/o Obere Torstra\u00dfe 11<br \/>\n97461 Hofheim<\/p>\n<p>&nbsp;<\/p>\n<p>Disclaimer:<\/p>\n<p>Die auf dieser Webseite bereitgestellten Informationen werden sorgf\u00e4ltig gepr\u00fcft und regelm\u00e4\u00dfie aktualisiert. Dennoch k\u00f6nnen wir keine Haftung oder Garantie f\u00fcr die Aktualit\u00e4t, Richtigkeit und Vollst\u00e4ndigkeit der zur Verf\u00fcgung gestellten Informationen \u00fcbernehmen. Gleichte gilt auch f\u00fcr alle anderen Webseiten, auf die mittels Hyperlink verwiesen wird. Wir sind f\u00fcr den Inhalt der Webseiten, die aufgrund einer solchen Verbindung erreicht werden k\u00f6nnen, nicht verantwortlich. Die Vervielf\u00e4ltigung von Informationen oder Daten, insbesondere die Verwendung von Texten, Textteilen oder Bildmaterial bedarf unserer vorherigen Zustimmung.<\/p>\n<p>Mit Urteil vom 12. Mai 1998 hat das Landgericht Hamburg entschieden, dass man durch das Setzen eines Links die Inhalte der gelinkten Seite ggf. mit zu verantworten hat. Dies kann, sa das Landgericht, nur dadurch verhindert werden, dass man sich ausdr\u00fccklich von diesen Inhalten distanziert. Wir haben keinerlei Einfluss auf die Gestaltung des gelinkten Seiten. Daher distanzieren wir uns ausdr\u00fccklich von den Inhalten der gelinkten Seiten. Das gilt f\u00fcr alle Links auf dieser Internetseite. Jeder Besucher ist selbst f\u00fcr sich verantwortlich! Wer diese Bedingung nicht akzeptiert, darf dies Internetseite nicht besuchen!<\/p>\n<p>&nbsp;<\/p>\n","protected":false},"excerpt":{"rendered":"<p>SV Hofheim 1919 e. V. Johannisstra\u00dfe 34 97461 Hofheim \/ UFr. Telefon: (0 95 23) 12 31 E-Mail: info@sv-hofheim.de Steuernummer: 249\/109\/104 Vereinsregister: VR 20052 BLSV: V60389 BFV: 7213 Stammverein der JFG Hofheimer Land vertreten durch den 1. Vorsitzenden Alexander Bergmann (\u00a7 26 BGB) c\/o Obere Torstra\u00dfe 11 97461 Hofheim &nbsp; Disclaimer: Die auf dieser Webseite &hellip; <a href=\"http:\/\/www.sv-hofheim.de\/hsv\/kontaktimpressum\/\" class=\"more-link\"><span class=\"screen-reader-text\">&#8222;Kontakt\/Impressum&#8220; <\/span>weiterlesen<\/a><\/p>\n","protected":false},"author":1,"featured_media":0,"parent":0,"menu_order":16,"comment_status":"closed","ping_status":"open","template":"page-templates\/full-width.php","meta":[],"_links":{"self":[{"href":"http:\/\/www.sv-hofheim.de\/hsv\/wp-json\/wp\/v2\/pages\/106"}],"collection":[{"href":"http:\/\/www.sv-hofheim.de\/hsv\/wp-json\/wp\/v2\/pages"}],"about":[{"href":"http:\/\/www.sv-hofheim.de\/hsv\/wp-json\/wp\/v2\/types\/page"}],"author":[{"embeddable":true,"href":"http:\/\/www.sv-hofheim.de\/hsv\/wp-json\/wp\/v2\/users\/1"}],"replies":[{"embeddable":true,"href":"http:\/\/www.sv-hofheim.de\/hsv\/wp-json\/wp\/v2\/comments?post=106"}],"version-history":[{"count":12,"href":"http:\/\/www.sv-hofheim.de\/hsv\/wp-json\/wp\/v2\/pages\/106\/revisions"}],"predecessor-version":[{"id":1216,"href":"http:\/\/www.sv-hofheim.de\/hsv\/wp-json\/wp\/v2\/pages\/106\/revisions\/1216"}],"wp:attachment":[{"href":"http:\/\/www.sv-hofheim.de\/hsv\/wp-json\/wp\/v2\/media?parent=106"}],"curies":[{"name":"wp","href":"https:\/\/api.w.org\/{rel}","templated":true}]}}